 + 1162 = 3*s + 5*c, -3*s + 4*c + 1198 = 0. Suppose -25*n = -27*n + 10, 0 = 5*k - 3*n + 90. List the prime factors of 6/k - s/(-10).
3, 13
Let c(s) be the first derivative of -s**4/2 + 9*s**3 - 4*s**2 - 25*s + 19. What are the prime factors of c(13)?
2, 5
Suppose -5*j + 4 = -1. Let v(n) = 161*n**2 - 2*n + 1. Let b be v(j). Let s = b - 103. What are the prime factors of s?
3, 19
Suppose -11*g - 12 + 34 = 0. Suppose 5*s = -4*i + 797 + 473, 0 = 5*s + g*i - 1260. What are the prime factors of s?
2, 5
Suppose -3*z - 4*g = -7*g - 594, 2*z - 3*g = 401. What are the prime factors of z?
193
List the prime factors of 5*12/((-24)/(-2542)).
5, 31, 41
Let l(n) = 8*n - 8. Let g be l(6). Suppose -3*b = 14 + g. What are the prime factors of b/(-4)*(2 - 0)?
3
Let x = 2566 + -1401. List the prime factors of x.
5, 233
Suppose 11*p = 1805 + 692. List the prime factors of p.
227
Suppose 0 = -3*p + 15, 78*p - 5821 = -i + 81*p. What are the prime factors of i?
2, 1459
What are the prime factors of (-99358)/(-35) + 6/30?
17, 167
Suppose -2*x - 4 = -x. Let u(d) = 6*d**2 + d + 1. Let n(k) = 17*k**2 + 3*k + 3. Let i(j) = 3*n(j) - 8*u(j). List the prime factors of i(x).
3, 5
What are the prime factors of (-12)/3*137/(-2)?
2, 137
Suppose -15*x - 7 = -52. Let c(q) = q**3 - q**2 + q. Let g be c(0). List the prime factors of g/(6 - x) - -48.
2, 3
What are the prime factors of (-2)/(-6) + 854/183 + 279?
2, 71
Let h = -4 - -9. Let z be (-1)/5 - (-46)/h. Suppose -3 = -3*o + z. List the prime factors of o.
2
What are the prime factors of (16/(-6) + 2)*-192*3?
2, 3
Let o(d) = -12*d - 69. What are the prime factors of o(-27)?
3, 5, 17
Suppose -t - 4 = 0, d - t + 5 - 29 = 0. Suppose 0 = -4*s - 129 + 593. Suppose -3*p - 5*u + s = 0, -4*u + d + 21 = p. What are the prime factors of p?
37
Let d(q) be the third derivative of -q**6/120 + q**5/60 - q**4/8 + q**3/6 + q**2 + 4. What are the prime factors of d(-6)?
271
Let s(n) = -n**3 - 3*n**2 + 4*n - 1. Suppose 0 = -5*o - 2*h - 33, -20 = 4*h + h. What are the prime factors of s(o)?
29
Let z = -260 - -378. What are the prime factors of z?
2, 59
Let i be 4*(3 - (-52)/(-16)). Let u be 0 + (0 - -2) - i. Suppose -u*g + 17 + 13 = 0. List the prime factors of g.
2, 5
Suppose z = -15 + 4. Let y = z + 16. Suppose y*u - 2*j = -4*j + 145, -2*j = 0. What are the prime factors of u?
29
List the prime factors of 26/52 - 29163/(-6).
4861
Let w be (16/10)/(6/15). Suppose -562 = -w*f + 86. List the prime factors of f.
2, 3
Let q(g) = -313*g + 523. List the prime factors of q(-10).
13, 281
What are the prime factors of (2286 - -1) + -7*30/(-70)?
2, 5, 229
Let h = -1 + 64. List the prime factors of 7/(h/186)*6/1.
2, 31
Let n be 1 + 4/(12/9). Suppose n*t + 3*v = 65, t + 4 = 2*v + 12. List the prime factors of t.
2, 7
Suppose g = z - 9, -z + 9 = -2*g - 5. Suppose 6*d - z*d = 0. Suppose -2*p = 2*k - 54, d = -p - 4*k + 9*k + 33. What are the prime factors of p?
2, 7
Suppose 5*q - 110 = -2*y + 2640, -2*q + 3*y + 1119 = 0. What are the prime factors of q?
2, 3, 23
Suppose -704*y = -711*y + 3458. List the prime factors of y.
2, 13, 19
Let p(q) = 10*q + 5. Let b be p(6). Let c = b - -30. What are the prime factors of c?
5, 19
Let p = 590 - -20. List the prime factors of p.
2, 5, 61
Let p(q) = -q - 4*q**3 - 5*q**2 - 13 + 3*q**3 - q**2. List the prime factors of p(-7).
43
Let w(y) = -4*y - 13. Let u be w(-5). Let a = -5 + u. What are the prime factors of -35*(6/(-3))/a?
5, 7
Let j(n) = -n**2 - 8*n + 6. Let w = 1 - 8. Let q be j(w). Let t(g) = g**3 - 14*g**2 + 16*g - 10. List the prime factors of t(q).
29
Suppose -34 + 0 = u. Suppose q = -2*z + 6, 2*q - 4 + 27 = 3*z. What are the prime factors of u/(-4) + q/8?
2
Suppose -r = -2*q - 2*q - 10, -1 = q. Let d be (-68)/20 + r/(-10). List the prime factors of (-69)/d - (-1)/(-4).
17
Suppose 5*r + 2*q = 1210, -4*q + 725 = 3*r - 3*q. List the prime factors of r.
2, 3, 5
Suppose 3*g + 4*b + 266 - 1067 = 0, 4*g - 4*b = 1040. What are the prime factors of g?
263
Let z(y) = 6*y**2 + y - 12. List the prime factors of z(-9).
3, 5, 31
Suppose -179*p + 3059 = -172*p. List the prime factors of p.
19, 23
List the prime factors of 6/4 + 3380/8.
2, 53
Let u(m) = m**2 - 5*m + 10. Let w be u(3). Suppose w*c = 2*n - 50, 5*c = -9 - 6. What are the prime factors of n?
19
Suppose 5*v + 11*h - 13*h - 2206 = 0, -3*v = 3*h - 1332. List the prime factors of v.
2, 13, 17
Suppose -5*y + 5*z + 3675 = 0, 5*y = 5*z - 2*z + 3677. List the prime factors of y.
2, 23
Let l(t) = -17*t + 28. What are the prime factors of l(-8)?
2, 41
Suppose 0 = t - 3*l - 56, -2*t + 3*l - 2*l = -122. What are the prime factors of 87/(-58)*t/(-3)?
31
Suppose r + 2*r = -21. Let f = r + 12. List the prime factors of (f/(-10))/(2/(-48)).
2, 3
Let d(u) = 9*u**2 - 11*u + 173. List the prime factors of d(10).
3, 107
Let c(d) = -16*d + 26. Let p(i) = -3*i + 5. Let r(u) = 4*c(u) - 22*p(u). List the prime factors of r(6).
2, 3
Let l be (-18)/(-9) + 254/(-4)*-2. Let m = 215 - l. What are the prime factors of m?
2, 43
Let c = -193 - -1619. What are the prime factors of c?
2, 23, 31
Let k = 10 + -7. Suppose 0 = 5*n + k*j - 239, 7*n - 190 = 3*n - 3*j. List the prime factors of n.
7
Suppose -3*f + 21 = -27. Let a be f + -1 + (-3)/(-1). What are the prime factors of a/(-6) + 1 + 9?
7
Suppose 5*u - 4*q = -0*q + 1697, -2*u + 4*q + 686 = 0. List the prime factors of u.
337
Let j(o) = -3*o - 12. Let z(v) = 5*v + 24. Let u(i) = 7*j(i) + 4*z(i). Let g be u(9). Suppose -2*l + g = -l. What are the prime factors of l?
3
Let l = 32 + -17. Suppose s = 6*s - l. Suppose 0 = -3*a + s*m + 153, -a - 5*m - 45 = -114. What are the prime factors of a?
2, 3
Suppose 4 = 3*h - 17. Suppose 0 = n - 4*b - h, 5*n = -2*b + 79. What are the prime factors of n?
3, 5
Let w(v) = -v**3 - 41*v**2 - 114*v - 80. List the prime factors of w(-39).
2, 331
Let n(a) = 184*a + 67. List the prime factors of n(4).
11, 73
Suppose -3 = 3*m, -m - 232 = -f - 2*m. List the prime factors of f.
233
Let v(t) = 91*t + 557. List the prime factors of v(17).
2, 263
Let k be (-1 - -7) + -3*(2 + -1). Let i(r) = 7*r**3 - 4*r**2 + 2*r + 5. What are the prime factors of i(k)?
2, 41
Let h(u) = 2*u**2 - 8*u - 29. Let v(f) = f**2 - 3*f - 10. Let g(a) = -3*h(a) + 8*v(a). List the prime factors of g(8).
3, 5
Suppose 4*j - 4*s = 6136, -s = -3*j + s + 4599. List the prime factors of j.
1531
Suppose 33*v = 32*v + 5. Suppose 149 = v*j + 34. What are the prime factors of j?
23
Suppose a - 5 = -4, 0 = 5*b - 4*a - 156. What are the prime factors of (-3)/((-45)/392) + b/(-240)?
2, 13
Let a(r) = 100*r**2 - 3*r - 4. List the prime factors of a(-1).
3, 11
Let y(z) = -z**2 + 1 - 2 + 4 - 6*z. Suppose 0 = -7*v - 71 + 29. List the prime factors of y(v).
3
Let o(y) be the first derivative of y**4/6 - 7*y**3/6 - 3*y**2/2 - 5*y - 5. Let l(i) be the first derivative of o(i). What are the prime factors of l(6)?
3
Let p = 1359 + 80. List the prime factors of p.
1439
Suppose -i - 4 = 0, 4*k - 2*i = -5*i. Suppose -k*q - 30 = -q. Let r = -10 - q. List the prime factors of r.
5
Let c = 34 + -17. Suppose -c*h = -16*h - 32. List the prime factors of h.
2
Let k(d) = -9*d + 25. Suppose 3*l + l = -28. List the prime factors of k(l).
2, 11
Let o = 162 + -67. Suppose 2*u = 2*i + 222, 0*u - 5*i = -u + o. What are the prime factors of u?
5, 23
Let a(n) = 5*n**2 - 25*n - 216 + 208 - 2*n**2. List the prime factors of a(-6).
2, 5
Suppose 4*m - 13*m + 3951 = 0. What are the prime factors of m?
439
Let y(k) = -k**2 - 15*k + 16. Suppose -14 = 5*t + 31. List the prime factors of y(t).
2, 5, 7
Let p(x) = x**3 - 4*x**2 - 4*x + 1. Let n be p(5). Suppose n + 10 = -4*m. Let b(d) = -d**3 - d**2 + 6*d + 2. What are the prime factors of b(m)?
2, 13
Suppose 5*c - s - 10 = 2*c, 15 = 3*s. Suppose 212 = -q + c*q. What are the prime factors of q?
53
Let q(o) be the third derivative of 2*o**5/15 + o**4/12 - o**3/6 - 15*o**2. List the prime factors of q(1).
3
Suppose -5*a + 2*b + 113 = -22, 5*a - 5*b = 135. Suppose -5*r = 4*v - a, 4*v = -3*r + 3*v + 19. Suppose 4*s + 78 = r*s. List the prime factors of s.
2, 13
Let o(d) = 4*d - 5 - 7*d + 2*d. Let z be o(-8). Suppose -5*v = -2*s + 34, -177 = -5*s - z*v - 30. What are the prime factors of s?
3
Let f = -3 + 3. Suppose 8*q - 3 + 3 = 0. Suppose q*k = -4*u + 2